890 and 114?
38
Calculate the highest common factor of 29 and 127861.
29
What is the highest common divisor of 11222265 and 15?
15
What is the highest common factor of 17280 and 194560?
640
Calculate the highest common divisor of 64 and 538496.
64
Calculate the highest common divisor of 3902203 and 23.
23
Calculate the greatest common factor of 9734 and 806.
62
Calculate the highest common factor of 266394 and 957.
87
Calculate the highest common divisor of 1154 and 368703.
577
Calculate the greatest common factor of 296080 and 30.
10
Calculate the highest common divisor of 27000 and 1872.
72
What is the highest common factor of 81488 and 88?
88
Calculate the greatest common divisor of 6710 and 1374208.
1342
What is the greatest common factor of 495 and 665115?
165
Calculate the highest common factor of 207 and 255798.
9
What is the greatest common divisor of 200 and 1545?
5
What is the greatest common factor of 8800 and 8030?
110
Calculate the highest common factor of 70 and 281305.
5
What is the greatest common divisor of 526 and 50759?
263
Calculate the highest common divisor of 270 and 87498.
18
Calculate the greatest common factor of 59873 and 44.
11
What is the highest common divisor of 28 and 81886?
14
What is the highest common factor of 111618 and 1696?
106
What is the highest common factor of 1346527 and 91?
91
What is the greatest common factor of 25676 and 560?
28
Calculate the highest common factor of 31510 and 230.
230
What is the greatest common factor of 9 and 8469?
9
What is the greatest common factor of 1815 and 18029?
121
What is the highest common factor of 131424 and 296?
296
Calculate the greatest common divisor of 16 and 230768.
16
What is the greatest common divisor of 1091026 and 119?
17
Calculate the greatest common factor of 274 and 27537.
137
What is the highest common divisor of 170670 and 90?
30
What is the greatest common divisor of 25 and 3965025?
25
Calculate the highest common factor of 2109 and 2553.
111
What is the greatest common factor of 1562620 and 43?
43
What is the highest common divisor of 55669 and 895?
179
Calculate the greatest common factor of 40 and 60384.
8
Calculate the highest common factor of 7208 and 952.
136
What is the highest common factor of 6266 and 286?
26
What is the highest common divisor of 88355 and 41?
41
What is the highest common factor of 43681 and 2717?
209
What is the highest common factor of 738 and 1206138?
246
What is the highest common factor of 2508 and 4940?
76
What is the highest common divisor of 2430 and 3351?
3
Calculate the greatest common factor of 302 and 1189427.
151
Calculate the highest common factor of 128 and 158336.
128
What is the greatest common divisor of 4960 and 318990?
310
Calculate the greatest common divisor of 173 and 53803.
173
What is the highest common factor of 2646 and 8883?
189
What is the greatest common divisor of 2722798 and 13?
13
Calculate the greatest common factor of 67346 and 34.
2
Calculate the highest common factor of 18 and 214254.
18
Calculate the greatest common divisor of 410595 and 5580.
465
What is the highest common divisor of 507 and 40222?
169
What is the highest common factor of 16375 and 4000?
125
What is the highest common factor of 221 and 20673666?
221
Calculate the highest common divisor of 48 and 151616.
16
Calculate the greatest common factor of 1816383 and 93.
93
Calculate the highest common divisor of 775440 and 20520.
1080
Calculate the greatest common divisor of 54 and 7092324.
18
What is the greatest common divisor of 279676 and 3364?
116
What is the highest common divisor of 12 and 17505?
3
Calculate the greatest common divisor of 154908 and 1404.
468
Calculate the highest common divisor of 49955 and 7760.
485
What is the greatest common factor of 5133646 and 214?
214
Calculate the highest common factor of 6014 and 229114.
194
What is the greatest common divisor of 108 and 14184?
36
What is the greatest common divisor of 45 and 11390?
5
What is the greatest common factor of 30 and 649725?
15
Calculate the highest common divisor of 2204 and 725.
29
What is the greatest common divisor of 6 and 17634?
6
What is the highest common factor of 8626 and 380?
38
Calculate the greatest common divisor of 280 and 46520.
40
Calculate the highest common divisor of 12 and 26812.
4
Calculate the greatest common divisor of 6304 and 23246.
394
Calculate the highest common factor of 56990 and 1230.
410
What is the highest common divisor of 17136 and 2226?
42
What is the greatest common factor of 42313 and 50711?
323
Calculate the highest common divisor of 86 and 382786.
86
What is the highest common divisor of 11906400 and 176?
176
What is the highest common divisor of 7256032 and 2436?
812
Calculate the highest common divisor of 90 and 146.
2
Calculate the greatest common factor of 469 and 70987.
7
What is the greatest common factor of 52 and 493675?
13
What is the highest common divisor of 15198 and 1853?
17
Calculate the greatest common divisor of 77456 and 7004.
412
What is the greatest common divisor of 125 and 3120?
5
What is the highest common factor of 393668 and 132?
44
Calculate the greatest common factor of 116 and 1244.
4
What is the highest common factor of 596 and 35462?
298
Calculate the greatest common divisor of 52228 and 11.
11
What is the greatest common factor of 685238 and 6946?
302
Calculate the highest common divisor of 12668 and 4.
4
Calculate the greatest common factor of 447248 and 16.
16
What is the highest common factor of 276149 and 271?
271
What is the highest common factor of 119927 and 86?
43
Calculate the highest common factor of 1898 and 5616.
26
What is the highest common divisor of 158780 and 16660?
340
What is the greatest common factor of 14398 and 414?
46
Calculate the greatest common divisor of 43 and 1281529.
43
What is the highest common divisor of 329 and 2235367?
47
Calculate the greatest common factor of 129867 and 438.
219
What is the highest common divisor of 205179 and 78?
39
Calculate the highest common factor of 3276 and 312.
156
What is the highest common divisor of 24255 and 330?
165
Calculate the highest common divisor of 18 and 7632.
18
Calculate the greatest common divisor of 39 and 439465.
13
What is the highest common divisor of 8874 and 3366?
306
Calculate the highest common divisor of 3345 and 24.
3
What is the greatest common divisor of 560 and 50?
10
What is the greatest common divisor of 11242 and 15184?
146
What is the highest common factor of 560 and 1205?
5
What is the highest common factor of 57868 and 1242?
46
What is the greatest common divisor of 38 and 131366?
38
What is the greatest common divisor of 1079 and 106418?
13
What is the greatest common divisor of 970032 and 42?
42
What is the greatest common divisor of 165 and 27522?
33
Calculate the highest common divisor of 36920 and 2624.
8
Calculate the greatest common divisor of 8041 and 748.
187
What is the greatest common divisor of 4224072 and 12?
12
What is the highest common divisor of 43857 and 396?
99
What is the greatest common divisor of 768 and 4774272?
384
Calculate the greatest common factor of 537 and 22017.
537
What is the greatest common factor of 15536 and 432?
16
What is the highest common factor of 22 and 133166?
22
What is the highest common divisor of 17375 and 15?
5
Calculate the greatest common divisor of 114 and 9496428.
114
Calculate the highest common divisor of 12 and 1943172.
12
What is the greatest common factor of 5 and 163220?
5
What is the highest common divisor of 32 and 153248?
32
Calculate the greatest common divisor of 9417 and 430.
43
What is the greatest common factor of 588 and 1260?
84
What is the highest common divisor of 790 and 310?
10
Calculate the highest common divisor of 728 and 2506.
14
What is the greatest common divisor of 8151 and 25707?
627
Calculate the greatest common divisor of 15885 and 30555.
45
What is the highest common divisor of 344 and 916072?
344
Calculate the highest common factor of 23132 and 908.
4
What is the highest common divisor of 516608 and 2048?
512
What is the greatest common divisor of 104159 and 473?
11
Calculate the greatest common divisor of 517 and 6627.
47
Calculate the highest common divisor of 1978 and 1518.
46
Calculate the